*n**3/3 + 24*n. Let w(a) be the second derivative of r(a). Is w(13) prime?
False
Let c be -5*((-906)/(-105) + (-20)/(-35)). Let y = c + 34. Let u(x) = -157*x + 35. Is u(y) prime?
False
Let q be 4 + 5/(5/(-2)). Suppose 2*y - q*i + 0*i = 4940, 5*i = -2*y + 4919. Is y composite?
False
Let o(q) = 6713*q - 196. Let j be o(-7). Is (-5)/(-2 + j/(-23597)) a composite number?
True
Let k = -47837 + 67068. Is k composite?
False
Let z = 416456 + -236599. Is z a prime number?
False
Suppose 69*h - 287674 = 1098148 + 153085. Is h a prime number?
True
Let d(p) = 2*p + 12. Let r be d(-8). Let m be (382/r)/(7/(-308)). Suppose 2*c - 1660 = m. Is c a composite number?
True
Suppose -41*c + 36*c + 111655 = 0. Is c prime?
False
Suppose -3*i + 20 = -7*d + 3*d, 2*i - 12 = 2*d. Suppose i*b - 6 = 2. Suppose -b*n = -110 - 28. Is n prime?
False
Let b(l) = 60*l**2 - l + 0 - l + 92*l**2 - 7. Suppose 2*i - 5*v + 36 = -2*i, -4*i - 3*v = 36. Is b(i) prime?
True
Suppose -2*n + 3*i - 1603 = 2*n, 5*n = -4*i - 2027. Suppose -2*o + 252 = -9*o. Let z = o - n. Is z prime?
True
Let z(v) = -v**3 - 22*v**2 + v + 25. Let b be z(-22). Suppose b*k = 7*k - 8908. Is k prime?
False
Suppose 20*w = 60 + 40. Suppose -5*n + w*s + 3355 = 0, 7*n - 2672 = 3*n + s. Is n a composite number?
True
Let f be -102 + -2 + (-3 - (-3 + 1)). Let i = -2 - f. Is i composite?
False
Let v(s) = 1190*s**3 - 2*s**2 - 21*s + 35. Is v(4) prime?
True
Suppose 981 = -5*k - 4*z, z - 155 = 3*k + 437. Is k/197*1/(-1)*409 prime?
True
Suppose -3*m = -5*j - 33, 4*m - 2*m = 2*j + 18. Let w(r) = 3*r**2 - 2*r - 3. Let x be w(m). Let p = x + 22. Is p prime?
False
Is 43607 - (9 - 21)/(-3) composite?
True
Let h(p) = 17*p - 39. Let g be (39/(-2))/((-18)/24). Is h(g) a prime number?
False
Let x be 3 - (5 - 1) - -9. Let k(w) = -48*w**3 - x*w**3 - 16*w**2 + 14*w**2 - 1. Is k(-2) a prime number?
True
Suppose 0 = 2*u - 2*c + 6, 4*u - 5*u + 2*c = 0. Let x be (12/(-10))/(u/20). Suppose -5*k + 1290 = 5*b, -221 - 819 = -x*b + 4*k. Is b a composite number?
True
Suppose -f + 5*r + 323948 = 0, -12*f + 5*r = -3614874 - 272227. Is f prime?
True
Let d(n) be the first derivative of 781*n**3/3 - 13*n**2 - n + 126. Is d(2) a prime number?
False
Let z(j) = j + 7. Let q = -5 + 0. Let i be z(q). Is (-366 - (i - 1))/((-10)/30) a prime number?
False
Let u(b) = 11*b**2 + 15*b**2 - 8*b**2 - 13 + b. Let j be (-2)/(-3) + 20*4/(-12). Is u(j) composite?
True
Suppose -5*p + 97785 = 5*r, 418*p - 420*p = -r + 19545. Is r composite?
False
Suppose 5383633 = 34*w - 11*w. Is w composite?
True
Suppose -4*b - 4*g = g - 609, 0 = -b - 4*g + 144. Suppose -265 = -3*x - 2*n, 4*x + 5*n + 111 = 5*x. Let v = b - x. Is v a prime number?
False
Let q(d) = -5*d + 50*d**2 + 8 + 110*d**2 - 11*d + 3*d. Is q(5) a prime number?
True
Let l = 1010469 + -450898. Is l a prime number?
True
Let c(b) = b - 42. Let o be c(23). Let a(h) = -4*h**3 - 65*h**2 - 12*h + 2. Is a(o) a composite number?
False
Let k be (-4)/(-22) + (-20)/110 + -4. Let w(s) = 196*s**2 - 7*s - 15. Is w(k) prime?
False
Let j = -434 + 440. Suppose 0 = j*q + 3931 - 29857. Is q prime?
False
Suppose 5*a - 15 = 3*i + 2*i, 0 = 2*i - 5*a + 3. Let f be i/(-10)*(-3 + -2). Is -14*4459/(-56) - f/8 a composite number?
True
Let d(f) = -95*f - 41. Let u(p) be the second derivative of -p**4/3 - 5*p**3/6 - 3*p**2 - 13*p. Let y be u(-2). Is d(y) a composite number?
True
Let j be (2 + -1)*-3 - -3. Suppose j = -12*v + 4*v + 24. Suppose q = 3, v*f - 9208 = -3*q - 106. Is f a composite number?
True
Is -1*(-2)/(-2 - (-3178668)/1589331) a composite number?
True
Suppose 4*i - 1802975 = -17*d + 16*d, -5*d - 1352260 = -3*i. Is i a composite number?
True
Suppose 0 = 19*t + 682903 - 6716144. Is t composite?
False
Let k = 39 - 39. Suppose 2*p = 4*p + 4*o - 22082, 4*p - 4*o - 44200 = k. Is p prime?
True
Let r(z) = -z**3 - 23*z**2 + 28*z - 59. Let u be ((-18)/10)/((-2)/(-30)). Is r(u) a prime number?
False
Let y(a) = 2*a**2 + 23*a - 16. Let n(v) = 5*v - 19. Suppose 3*d + 32 = 7*d. Let f be n(d). Is y(f) a composite number?
True
Suppose 0 = -12*j + 563408 - 142436. Is j composite?
False
Let y(z) = -4058*z + 101. Let s be y(-9). Let f = s + -22794. Is f prime?
True
Let h(b) = 625*b**2 - 77*b + 563. Is h(8) a composite number?
True
Let j be -2 + 5/(-1) + 38454/17. Let x(y) = 4*y - 7. Let s be x(5). Suppose -s*m + 8*m = -j. Is m a composite number?
True
Let t(m) = 2152*m + 4141. Is t(70) a composite number?
True
Let c(m) = -m**2 - 4*m + 6. Let i be c(-5). Is (41/i)/((-4)/(-12)) prime?
False
Let d = 82 + -79. Suppose d*o - 2*h - 25 = 3*h, h + 5 = 3*o. Suppose 4*q + 508 + 240 = 4*v, -3*v + 4*q + 557 = o. Is v composite?
False
Let k = 10256 - 477. Let t be ((-13)/3)/((-4)/12). Suppose -2*n + t*n - k = 0. Is n prime?
False
Suppose -4*o - m = -5 - 4, -3*m = 5*o - 13. Suppose 829 + 846 = 3*j - 5*u, -o*u - 1687 = -3*j. Is j prime?
False
Let n(d) = 2974*d + 4767. Is n(28) prime?
False
Let w = -34083 + 48280. Is w a composite number?
False
Suppose 5*q + 3*x - 22 + 7 = 0, -q + 5*x = -3. Is (19678/q)/((-22)/(-33)) a prime number?
True
Let b be 8538*((-161)/(-21) + -8). Suppose 0 = -7*d + 3*d - 7876. Let r = d - b. Is r a composite number?
False
Let m(z) = -z**3 - 17*z**2 + 46*z + 30. Suppose d + 3 = 20. Suppose 0 = 5*c + d + 93. Is m(c) prime?
False
Suppose -22*u = 21*u + 21*u - 64929728. Is u composite?
True
Let v(b) = 64*b**2 + 18*b + 3. Let c = -695 - -690. Is v(c) prime?
False
Is 5*((-559254)/(-20) - 10/20) composite?
True
Suppose 0 = -4*i - 5*i + 45. Suppose -3*y + 78 = i*w, 5*w - 32 - 39 = 4*y. Is 17088/w + 8/(-40) a prime number?
False
Let s(a) = a**2 - 8*a - 23. Let n be s(10). Let l be ((-27)/6 + -3)*2/n. Suppose -b + l*d = b - 125, -b + 67 = -4*d. Is b prime?
False
Let j(g) = -34*g + 35. Let b be j(-8). Let z be (1 - 0)*(-6 + b). Is (-4)/(-8)*2 + z - 1 a prime number?
False
Suppose -3*n - 23590 = -a, 4*n = -5*a + 108567 + 9307. Is a composite?
True
Suppose h = -3*n - 29, 100 = -4*h + 6*n - 2*n. Let a = -22 - h. Suppose 0 = a*y - 423 - 49. Is y composite?
True
Let k(m) = 406*m**2 + 38*m + 73. Is k(-2) a composite number?
False
Suppose -4*k = s - 6, 9 = 3*s - 0*s + 3*k. Suppose s*f + 106 = 36. Is (-7)/(f/15) - -71 a prime number?
False
Suppose 35 + 13 = 8*l. Let k be (10 + -7)*4/l. Suppose -k*h + 1749 = 3*v - 1178, -5*h = 4*v - 3891. Is v prime?
False
Let r be -4*(-4 - 28/(-8)). Suppose 2*z = 5*s - 22 + r, 3*z + s + 30 = 0. Is (5042/z)/((-3)/15) a composite number?
False
Suppose -17*s + 54*s = -37*s + 6933134. Is s composite?
True
Is (-108384)/(-1 + -7) - 13 composite?
True
Is ((-4362228)/(-5) - 3)/((-159)/(-265)) composite?
False
Suppose 3*o = -h - 4*h - 135, -5*o - h = 203. Let y be (1 + 10/(-4))/(10/o). Suppose -3976 + 12286 = y*d. Is d composite?
True
Let n(l) = -l**2 + 7*l + 5. Let i(k) = k + 9. Let r be i(8). Let f be n(r). Let w = f - -800. Is w composite?
True
Let z(p) = -54*p + 39. Let u(d) = 2*d. Let r(l) = 2*u(l) + z(l). Is r(-34) a prime number?
False
Let j = -2717 + 16488. Is j prime?
False
Suppose -4*n + 3*i + 105293 + 1395 = 0, 4*n - 106680 = i. Is n a prime number?
True
Suppose -2*g + 2 = 2*v, -3*g + 5*v = -0*g - 43. Suppose 0 = c + 5*f - 14180, g*c - 56645 = 2*c + 5*f. Is c composite?
True
Suppose 2*g - w = 23, 7*g - 8*g + 2*w = -13. Suppose -g*j + 1537 + 13434 = 0. Is j a composite number?
False
Let h = -51 + 43. Is (-5)/(60/h)*7563/2 prime?
True
Let x be 4 + -5 - 5 - -43. Suppose -102998 = -x*u - 27555. Is u prime?
True
Suppose 60877 = 4*a + 3*p, 4*a + 9*p = 7*p + 60874. Is a prime?
True
Is 419203/2 - 198/(-132) prime?
False
Let q = 45 - 45. Suppose q = -5*i + 6*i - 6943. Suppose -3*m + r + i = 0, 1879 = m - 4*r - 428. Is m composite?
True
Let q = 83125 + -223222. Is q/(-119) + 2/(-7) prime?
False
Suppose -11*y - 5865965 = 1661247. Is (-1)/(((-42)/y)/(6/(-4))) prime?
True
Suppose -5*i - 2*c + 1892901 = 0, 1438924 = 5*i - 4*c - 454019. Is i prime?
True
Suppose 19*x - 26160237 - 189248 = 0. Is x a composite number?
True
Suppose 0 - 9 = 3*p. Let c be p*(9 + 1)*(-8)/(-16). Is (-8034)/(-10) + 6/c a composite number?
True
Let g = -82378 + 386579. Is g composite?
True
Let r = 4972 - -26119. Is r composite?
False
Let a(h) = -h**2 - 40*h + 9. Let x be a(-30). Is 1073054/x - (-1)/3 prime?
False
Suppose -4*a = 51 - 123. Is 24/a - (-3 + 3892/(-6)) a p